ber?
False
Is 117015023 a composite number?
True
Is 6357145 a prime number?
False
Is 4507271 prime?
False
Is 4827799 a composite number?
False
Is 31244779 composite?
False
Is 168501409 a prime number?
True
Is 28319471 a prime number?
True
Is 92176411 a composite number?
False
Is 8702327 prime?
True
Is 799511 composite?
True
Is 9082993 a composite number?
False
Is 68153147 a composite number?
True
Is 23098067 a composite number?
False
Is 2208569 a prime number?
False
Is 2593337 a composite number?
False
Is 59417437 a composite number?
False
Is 18843617 prime?
False
Is 9917759 a composite number?
False
Is 1957213 prime?
False
Is 317206009 a prime number?
False
Is 40960903 prime?
False
Is 3055657 composite?
True
Is 6550289 a prime number?
True
Is 5081218 a composite number?
True
Is 5026391 a prime number?
True
Is 43634939 a prime number?
False
Is 71552791 prime?
True
Is 952436957 composite?
False
Is 10684147 composite?
True
Is 441143 a prime number?
False
Is 32274443 prime?
False
Is 2214866 a prime number?
False
Is 6964715 prime?
False
Is 47704411 a prime number?
False
Is 3380521 composite?
True
Is 23201169 a prime number?
False
Is 1115827 composite?
True
Is 5913835 composite?
True
Is 352200313 a composite number?
False
Is 487660753 a prime number?
True
Is 6123851 a prime number?
False
Is 576501563 a prime number?
False
Is 91775353 a prime number?
False
Is 34043351 a prime number?
True
Is 1269217 a composite number?
True
Is 64178449 a prime number?
True
Is 43670803 a composite number?
True
Is 1672429 a composite number?
True
Is 70877101 composite?
False
Is 28307891 composite?
True
Is 208402001 a prime number?
False
Is 3613561 composite?
True
Is 1692703 prime?
False
Is 25229707 a composite number?
False
Is 84096787 prime?
True
Is 39047959 a composite number?
False
Is 2227549 a prime number?
False
Is 13306583 a prime number?
True
Is 10566161 composite?
True
Is 8475127 a prime number?
False
Is 8419 a composite number?
False
Is 28943287 a composite number?
True
Is 168694 a composite number?
True
Is 2345029 a prime number?
False
Is 14854283 a composite number?
False
Is 75146611 composite?
False
Is 181344703 a prime number?
True
Is 9819611 composite?
False
Is 6939623 a composite number?
False
Is 8036587 prime?
False
Is 37944397 composite?
False
Is 33014803 a prime number?
True
Is 15171173 a composite number?
False
Is 15853531 a composite number?
False
Is 98556299 composite?
False
Is 4002611 prime?
True
Is 60202271 composite?
True
Is 5427313 prime?
False
Is 292693 a prime number?
True
Is 21265129 a composite number?
False
Is 7737641 composite?
True
Is 4367483 a prime number?
True
Is 53595233 prime?
True
Is 5696017 a prime number?
True
Is 52466389 composite?
False
Is 250268981 composite?
False
Is 5257901 composite?
True
Is 45993635 a prime number?
False
Is 2636369 composite?
False
Is 170744047 a prime number?
True
Is 129978799 a prime number?
True
Is 154540019 composite?
True
Is 19107937 a composite number?
True
Is 410029505 composite?
True
Is 4335313 a prime number?
True
Is 216121 a prime number?
False
Is 387911 a prime number?
True
Is 62891987 a prime number?
False
Is 6219793 composite?
False
Is 48213409 a composite number?
False
Is 134120897 a composite number?
True
Is 23712271 composite?
True
Is 52308899 prime?
False
Is 255677231 a composite number?
False
Is 52744837 composite?
False
Is 145341821 composite?
False
Is 16409929 composite?
False
Is 5298023 prime?
False
Is 1154159 composite?
False
Is 5371519 a composite number?
False
Is 142902679 a composite number?
False
Is 8731199 a prime number?
False
Is 136832279 a composite number?
True
Is 58643341 a prime number?
True
Is 12736429 a prime number?
True
Is 4185889 a composite number?
True
Is 169987 a prime number?
True
Is 370170461 a prime number?
False
Is 2673089 prime?
True
Is 637919 prime?
False
Is 393017 a prime number?
True
Is 10663027 a composite number?
False
Is 5908483 a composite number?
True
Is 10908361 prime?
False
Is 349637 composite?
False
Is 124950037 composite?
True
Is 266265323 a composite number?
False
Is 28446343 composite?
True
Is 1720769 a composite number?
False
Is 45991201 composite?
True
Is 488028745 a composite number?
True
Is 369461623 a prime number?
True
Is 882955 prime?
False
Is 176578 a prime number?
False
Is 82178293 a prime number?
True
Is 2270071 composite?
False
Is 202083853 a composite number?
False
Is 64819541 a prime number?
False
Is 88500655 a composite number?
True
Is 36331991 prime?
True
Is 26286817 prime?
False
Is 11955599 a composite number?
False
Is 752747 a prime number?
True
Is 3403187 a prime number?
False
Is 23861251 prime?
False
Is 17231 a composite number?
False
Is 71178967 composite?
False
Is 3324421 a composite number?
False
Is 458411509 composite?
False
Is 17384393 a composite number?
True
Is 66379367 composite?
False
Is 1989977 composite?
True
Is 101197769 composite?
True
Is 24669389 prime?
True
Is 1053853 prime?
False
Is 18596287 composite?
False
Is 278704411 a composite number?
False
Is 55654699 a composite number?
True
Is 11148619 a prime number?
True
Is 13831937 composite?
True
Is 184169081 a composite number?
False
Is 100637 prime?
False
Is 6358639 a prime number?
False
Is 285497 composite?
False
Is 559743 a prime number?
False
Is 240385429 prime?
True
Is 43129481 composite?
True
Is 319237 prime?
True
Is 453703 composite?
False
Is 322667 composite?
True
Is 9193741 composite?
False
Is 121131721 a prime number?
False
Is 241946879 prime?
True
Is 6718297 a prime number?
False
Is 11680051 composite?
False
Is 44904371 a composite number?
False
Is 79342327 a prime number?
True
Is 593517439 a prime number?
True
Is 7659849 composite?
True
Is 2381543 a composite number?
False
Is 68837869 a composite number?
True
Is 313802789 prime?
True
Is 3052649 a prime number?
True
Is 45458711 composite?
False
Is 50909047 prime?
False
Is 1261027 a composite number?
True
Is 1537507 prime?
False
Is 3958417 prime?
False
Is 2044274 a composite number?
True
Is 581370469 a prime number?
False
Is 66330701 a prime number?
True
Is 3708905 a composite number?
True
Is 603431 prime?
True
Is 97181251 prime?
True
Is 29958209 a composite number?
False
Is 9988843 composite?
True
Is 7494623 a prime number?
True
Is 22690387 prime?
True
Is 13453943 composite?
True
Is 152174993 a composite number?
False
Is 214694849 prime?
True
Is 12007511 composite?
False
Is 5565631 composite?
True
Is 77067869 a prime number?
True
Is 456263 composite?
True
Is 17110843 prime?
True
Is 500429 composite?
True
Is 3425477 prime?
False
Is 48706089 prime?
False
Is 20278943 prime?
False
Is 16314983 composite?
True
Is 881742746 a prime number?
False
Is 5413481 composite?
False
Is 58189589 prime?
False
Is 710755 a composite number?
True
Is 7288231 composite?
False
Is 20562539 composite?
False
Is 840253 a prime number?
True
Is 7061957 prime?
False
Is 3982237 composite?
True
Is 1839358 a prime number?
False
Is 477899 prime?
True
Is 39041 prime?
True
Is 380290673 a prime number?
False
Is 9448093 prime?
True
Is 19753663 a prime number?
True
Is 3296831 composite?
False
Is 420896273 composite?
True
Is 106812358 a composite number?
True
Is 384737 a prime number?
True
Is 2279245 prime?
False
Is 29574833 composite?
True
Is 372367 prime?
True
Is 476461 a prime number?
False
Is 31741063 a prime number?
True
Is 97095665 a composite number?
True
Is 5909737 a composite number?
False
Is 4464683 a composite number?
True
Is 1862306 prime?
False
Is 40165409 a composite number?
False
Is 307256957 composite?
True
Is 1162037 a prime number?
True
Is 45073739 a composite number?
False
Is 19278139 a prime number?
False
Is 12842443 prime?
False
Is 50089183 prime?
True
Is 8112269 a composite number?
True
Is 291961 a prime number?
False
Is 16571729 composite?
True
Is 3178177 a composite number?
True
Is 8772122 a prime number?
False
Is 89496237 a prime number?
False
Is 9106687 a prime number?
False
Is 59208269 prime?
False
Is 290101 prime?
False
Is 9489 prime?
False
Is 796901 a prime number?
False
Is 319621 prime?
False
Is 9060137 a prime number?
False
Is 67975933 prime?
False
Is 3244673 composite?
True
Is 95199169 a composite number?
True
Is 63536449 a composite number?
True
Is 6292901 a composite number?
False
Is 1186021 composite?
True